.
2
Let t be (-1*8/(-20))/(2/(-10)). Let z be 0 + (1 - t) - 1. Suppose -j - 3*m = -122, z*j + m = 7*j - 642. List the prime factors of j.
2
Let q be (5/2)/(3 - 15/6). Let u(w) = -w**3 + 9*w**2 - 14*w + 1. What are the prime factors of u(q)?
31
Let z(l) = -21*l**3 + 5*l**2 - 4*l - 1. Let a be z(2). Let t = 159 - a. What are the prime factors of t?
2, 79
Suppose 3*c - 8 = -2*i, 5*i + 11 + 15 = 4*c. Suppose -5*y + 2*b - 97 + 404 = 0, -c*y = 4*b - 268. Let x = 174 - y. List the prime factors of x.
3, 37
Suppose -4*b + 3*o = -119 - 111, 4*b - 220 = -2*o. List the prime factors of b/(-5)*(-6 - 24).
2, 3, 7
Suppose 16*n = 12*n, 2*n = -3*f + 33315. Suppose 13*v - 699 = f. What are the prime factors of v?
2, 227
Let p = 123872 + -74560. List the prime factors of p.
2, 23, 67
List the prime factors of ((-12)/27)/((-218)/5361165).
2, 5, 1093
Suppose 4 = -s - k + 2, s + 2*k + 6 = 0. Suppose s*w + 6 = -56. What are the prime factors of (w - 142)/(2/((-4)/2))?
173
Let y be (-555)/6 - (-9)/6. Let n = y - -154. Suppose -2*b + 221 - n = 0. List the prime factors of b.
79
Suppose -5*d = -d - 12. Let f(s) = s**3 - 2*s**2 - 2*s + 81. Let q be f(0). Suppose -d*z = -4*z + q. List the prime factors of z.
3
Let v = -139031 - -211774. List the prime factors of v.
11, 17, 389
Let n(y) = 2873*y**2 + 116*y + 229. List the prime factors of n(-2).
11489
Suppose 271*w = 156*w + 805. Let y be 95 + (-1 - 0/2). Suppose y = 9*p - w*p. What are the prime factors of p?
47
Let w(n) = -240*n - 1525. List the prime factors of w(-12).
5, 271
Let v(c) = 13*c - 179. Let z be v(19). Let x = 540 + z. List the prime factors of x.
2, 19
Let x(a) = 2085*a + 2058. List the prime factors of x(17).
3, 463
Suppose 8*l + 100 = 13*l. Suppose 3*n - 47 = 1. Let v = l - n. List the prime factors of v.
2
Suppose -5*c - 38 = -4*q, 6*q - q + 4*c - 27 = 0. Suppose -22 = -q*u + 6. Let w(z) = 7*z**2 - 3*z + 6. What are the prime factors of w(u)?
2, 53
What are the prime factors of (-21*(1 + (-7)/3))/((-58)/(-4988))?
2, 7, 43
Let d(b) = -2*b**2 + 192*b + 1016. Let t be d(-5). Let v(m) = -15 - 12 + 6 + 2*m**2 + 9*m. List the prime factors of v(t).
3, 5, 7
Suppose -2*b = -6*q + 342690, -5*q + b + 283748 = -1825. List the prime factors of q.
2, 3, 19, 167
Let d(f) = 4*f + 3. Let m be d(1). Let g(b) = -18*b - b**2 + b**3 + 11*b**2 - 11*b**2 - m*b**2 + 9. List the prime factors of g(10).
29
Let y(w) = -4*w**3 + w**2 - 1. Let l be y(-1). Let i be ((-9)/3)/(3 - l). Suppose -4*h + 0*h = -5*d - 555, -i*h + 5*d + 420 = 0. List the prime factors of h.
3, 5
Suppose 28*y - 32*y = -93*y + 1576902. List the prime factors of y.
2, 3, 2953
Let i = -42 + 37. What are the prime factors of (-3655)/(i + 0) + -8?
3, 241
Let p(z) = 150*z + 489. List the prime factors of p(13).
3, 271
Let x be (3 - (-1 - 2))/((-3)/(-2)). Suppose z + 2*m = -0*m + 378, x*z + 2*m = 1488. Suppose 0 = 13*i - 994 + z. List the prime factors of i.
2, 3
Suppose -20961 - 344756 = -500*n + 67783. List the prime factors of n.
3, 17
Let z(b) = b**3 - 5*b**2 - 10*b + 2. Let f(k) = -2*k**2 - 3*k + 1. Let v(g) = -11*f(g) + 4*z(g). What are the prime factors of v(3)?
2, 3, 17
Suppose 5*z = 8*z - 2*a - 10, -2*z + a + 5 = 0. Suppose 0*h - 4*h = z, 5*p - 3465 = 4*h. What are the prime factors of p?
3, 7, 11
Let l be (-6)/(-75)*5 + 20202/70. Let w = l + 330. List the prime factors of w.
619
Suppose -4*w = -3*r - 3*w + 11108, -4*r - 5*w = -14798. List the prime factors of r.
2, 3, 617
Suppose -11*w + 239819 + 18721 = 4*w. What are the prime factors of w?
2, 31, 139
Let g = -7 + 9. Let r be 3/6*34 - g. Suppose 4*j + 3*k - r = 0, 0*j - 3*j - k = -10. What are the prime factors of j?
3
Let k = 261654 - 171795. What are the prime factors of k?
3, 7, 11, 389
Let b be 1*(-5)/(15/(-54)). Let y be -9 - 11/(55/(-10)). What are the prime factors of (y/7 - b/(-2)) + -2?
2, 3
Let x(o) = -o**3 - 15*o**2 + 2. Let y = 17 + -32. Let p be x(y). What are the prime factors of (p - 1)/(124/(-42) + 3)?
3, 7
Suppose 5*u + 2*h - 37441 = 0, 5*h + 21277 = 2*u + 6318. List the prime factors of u.
7487
Suppose 2*f - 3*i - 58982 = 0, -6*f + 210*i + 176898 = 209*i. List the prime factors of f.
2, 14741
What are the prime factors of 15/(-25) + 955962/70?
2, 3, 569
Suppose -3*l = 11*l - 224. Suppose -v + 7 - 16 = 0. Let t = l + v. List the prime factors of t.
7
Suppose -4 = -3*k + 2, -18 = u - 4*k. Let h = -9 - u. What are the prime factors of (-13 - -10)*(0 - (34 - h))?
3, 11
Let i = 26771 - 16388. List the prime factors of i.
3, 3461
Let j(h) = 36*h + 88. Let i(o) = 75*o + 175. Let r(x) = 3*i(x) - 5*j(x). What are the prime factors of r(10)?
5, 107
Let i = 14622 - -19405. List the prime factors of i.
7, 4861
Let z = -1520 - -2778. Let w = z - 620. What are the prime factors of w?
2, 11, 29
Let s = 4691 - 3061. Suppose k + s = 4*j - 4*k, 5*j - 2035 = 5*k. List the prime factors of j.
3, 5
Let t = 677 + -307. Let d = t - 164. Suppose -218 = -2*c + 2*p, -2*c - 2*p + d = -0*c. List the prime factors of c.
2, 53
Suppose 2*j + 3*g - 4 = -17, -3*j = -g - 8. Let q(u) = 455*u**3 - 21*u**2 + 21*u + 1. List the prime factors of q(j).
2, 3, 19
Suppose -v - 22 = 2*t - t, 0 = -4*v - 3*t - 87. Let n be 4/2*(v + -1). Let r = n - -142. List the prime factors of r.
2, 7
Suppose -q = -4*h - 124, 0 = -h - 0*h + q - 28. Let o be (3/(-2))/(12/h). Suppose -2*a + 19 = o*i - 41, 4*i - 104 = -4*a. What are the prime factors of a?
2, 11
Let r = -3035 + 8476. What are the prime factors of r?
5441
Suppose 5*r = 593 + 1902. Suppose 4*g + d = 313 + 700, 2*g - d = r. What are the prime factors of g?
2, 3, 7
Let b(t) = 413*t + 572. What are the prime factors of b(13)?
13, 457
Let k(w) be the second derivative of w**4/4 - 11*w**3/6 + 5*w**2 + 9*w. Suppose -8*z - t = -4*z - 26, -3*z + 31 = -5*t. List the prime factors of k(z).
2, 5
Suppose -5*v + 5127 = s, 4*v - 25656 = 11*s - 16*s. List the prime factors of s.
2, 1283
Suppose -4*i = 4*f - 18696 - 18692, 3*i - 28037 = -f. What are the prime factors of i?
3, 5, 7, 89
Let w(l) = -l**3 - 13*l**2 + 7*l**2 - 5*l - 37 + 21*l**2. List the prime factors of w(11).
2, 7
Suppose 1622 = d - 2108 + 1046. What are the prime factors of d?
2, 11, 61
Let x(r) = 467*r**2 + 298*r + 63. What are the prime factors of x(-8)?
3, 1021
Suppose 0 = 252*z - 2040172 - 1115624. List the prime factors of z.
7, 1789
Suppose -48*t + 263138 - 272782 = -772172. List the prime factors of t.
2, 13, 47
Suppose 9*z = 4187 - 1730. Suppose 2*x - z = 199. What are the prime factors of x?
2, 59
Let f = 7674 + -795. List the prime factors of f.
3, 2293
Let b(g) = g**2 + 4*g + 2. Let t be b(-4). Suppose 10 = -t*p + 6. List the prime factors of (1752/(-18))/(p + (-4)/(-3)).
2, 73
Suppose 19*q = -3*q + 154. Suppose 1542 = -s + q*s. List the prime factors of s.
257
Suppose 3*s = 3*p - 1590, 4*p - 2874 = -3*s - 754. Let k = -136 + p. List the prime factors of k.
2, 197
Let l = 39693 - 13126. What are the prime factors of l?
31, 857
What are the prime factors of 665275/130 + 9/6?
5119
Let w(i) = i**3 - 4*i**2 - 9*i + 12. Let l be 5*(-2)/(0/1 - 5). Suppose -4*u + 10 = l, -36 = -5*n - 3*u. What are the prime factors of w(n)?
2, 3, 5
Let t(j) = -3*j + 12. Let r be t(4). Suppose 17*y + 627 - 2123 = r. List the prime factors of y.
2, 11
Suppose 14*w - 9*w - 70130 = -5*c, -5*w - 112273 = -8*c. What are the prime factors of c?
3, 1559
Suppose -53*x - 20*x = -4*x - 1529454. What are the prime factors of x?
2, 11083
Let s be ((-34)/51)/((-2)/(1 + 11)). List the prime factors of 48/(-18)*498/s*-1.
2, 83
What are the prime factors of 5/((-25)/(-23030)) - (-2)/((-4)/(-6))?
11, 419
Suppose -461 + 1522 = k. Suppose k = 2*u - f, 0 = -2*u - 0*u - 3*f + 1081. List the prime factors of u.
13, 41
Suppose -151*u - 30 = -157*u. Suppose -1639 = -k + u*f, 8*f - 3*f - 4897 = -3*k. What are the prime factors of k?
2, 19, 43
Let g be ((-6730)/40)/(7/(-28)). Suppose 47 = 24*r - g. What are the prime factors of r?
2, 3, 5
Let r(s) = -2*s + 24. Suppose -12 = 4*u - 0*u, -u = 5*n + 83. Let c(k) = -k**2 - 15*k. Let t be c(n). List the prime factors of r(t).
2, 7
Suppose -2*f - 5*y + 13053 = 0, -22*f + 17*f = 3*y - 32661. List the prime factors of f.
2, 3, 11
Suppose 19*a - 25 - 51 = 0. Suppose -2*z + 466 = 3*c, -c + 1123 = 5*z - a*c. What are the prime f